r = 56 + 243, 0 = 4*j - h*r - 384. Calculate the remainder when j is divided by 25.
22
Let l(c) = -c**3 + 10*c**2 - 4*c + 63. Let k(x) = 2*x**2 + 4*x - 3. Let z = -2 - 2. What is the remainder when l(0) is divided by k(z)?
11
Suppose -4*n = 4*t - 56, 16 = -12*t + 8*t. Let f be 2 - (0/(-3) + -6). Suppose 2*l = l + f. Calculate the remainder when n is divided by l.
2
Let x(s) = s**2 + 8*s - 6. Suppose -r = -5*c + 35, -4*r = -3*r - 2*c + 20. What is the remainder when 41 is divided by x(r)?
13
Let g be 1/(-2)*(0 - 22). Suppose -w + 60 - g = 0. Let l = -26 + w. What is the remainder when l is divided by 6?
5
Suppose 0 = 5*d - 2*o - 3, -d + 7 = -4*d - o. What is the remainder when (2*-1)/d + 19 + 19 is divided by 15?
10
Suppose h + 25 = 6*h. Suppose h*l - 8 = l, 5*l + 118 = 4*c. Suppose 2*q = -2*s + c, 5*q = 5*s - 13 - 67. What is the remainder when s is divided by 3?
1
Let c = 1130 + -1116. What is the remainder when 87 is divided by c?
3
Suppose 16*y - 12*y - 22 = -3*a, -5*y = -a + 39. What is the remainder when 177 is divided by a?
9
Suppose 0 = 6*p - 2*p - 20. Suppose 34 = v + p*o, 3*v - 2 - 5 = 4*o. What is the remainder when 35 is divided by v?
8
Let o(j) be the second derivative of -j**4/12 + 3*j**3/2 - 3*j**2/2 + 12*j. Let g be o(7). What is the remainder when g/(-22) - (-250)/4 is divided by 21?
20
Let y = 27 - 25. Suppose 2*l = -2*l + 40. What is the remainder when y - (-1)/((-1)/(-36)) is divided by l?
8
Let u(n) = n**3 - 4*n**2 + 4*n - 10. Suppose 2*y - 26 = -3*k, 4*y - 1 - 1 = -k. What is the remainder when k is divided by u(4)?
4
Let w(i) = 6*i**2 + 9*i. Let p be w(10). Suppose -2*u - 3*s + 336 = -7*s, 4*u + s = p. What is the remainder when u is divided by 44?
40
Suppose -c = 4*c + 2*c. Suppose -8*k + 496 = -c*k. Calculate the remainder when k is divided by 13.
10
Let i = -57 + 75. What is the remainder when i is divided by (-22)/(-2)*(-5 - -6)?
7
Suppose s = -0*s. Suppose s = 5*y - 24 - 16. Let t = -14 - -43. Calculate the remainder when t is divided by y.
5
Let l = 1404 - 658. What is the remainder when l is divided by 25?
21
Calculate the remainder when ((-6)/8)/(-1*(-1)/(-96)) is divided by 37.
35
Suppose -5*h = 20, 3*g - h - 40 = -3*h. What is the remainder when g is divided by 12?
4
Let j(k) = k**3 - 3*k**2 - 6*k + 22. What is the remainder when j(8) is divided by 10?
4
Suppose -4*m + 5 = -11. Suppose 0*b = m*b - 84. Suppose 4*j = 3*z + 48, b = j - 2*z - z. Calculate the remainder when 26 is divided by j.
8
Suppose -5*p - h + 165 = 0, -p + 32*h + 44 = 30*h. What is the remainder when 949 is divided by p?
31
Let f = 24 - 24. What is the remainder when (f + 1)/((-4)/(-108)) is divided by 6?
3
Let w be (-4)/6*27/2. What is the remainder when w/21 + (-1574)/(-14) is divided by 23?
20
Let z = 657 - 600. What is the remainder when 624 is divided by z?
54
Let j(k) = 15*k + 7. Let g be j(-3). Let w = -83 - g. Calculate the remainder when 10/w - 346/(-18) is divided by 10.
9
Calculate the remainder when ((-186)/2)/(-12 - 105/(-10)) is divided by 36.
26
Let w = 1112 - 1073. Calculate the remainder when 343 is divided by w.
31
Suppose -h - 2*o + 4 = 0, -4*o - 8 = -2*h - o. Suppose 0 = -0*b + h*b - 168. What is the remainder when 48 is divided by 1/(-2 - b/(-20))?
8
What is the remainder when 6*(-2 + 7/3) is divided by -7 + 8/4 + 7?
0
Suppose 4*s - 428 = -356. Calculate the remainder when 33 is divided by s.
15
Let b be 54/21 - 12/(-28). Let x = b + 9. Calculate the remainder when (-4)/(-6)*282/4 is divided by x.
11
Suppose -t - 5*r + 378 = 0, 55*r - 52*r = t - 402. Calculate the remainder when t is divided by 128.
9
Let x be ((-21)/4)/((-4)/32). Suppose 0 = -4*d + x + 2. Calculate the remainder when 20 is divided by d.
9
Let t be (2/5)/(5/325). Suppose -l + t = -52. Suppose -w + l = 2*w. What is the remainder when w is divided by 9?
8
Suppose -4*i - 292 = -3*z + 132, 0 = -z - 2*i + 158. What is the remainder when z is divided by 90?
58
Calculate the remainder when (194/485)/(1793/(-1795) + 1) is divided by 18.
17
Let i = 966 + -941. Calculate the remainder when 232 is divided by i.
7
Suppose -12*s + 10*s + 42 = 0. Calculate the remainder when 29 is divided by s.
8
Let p(k) = k**2 - 15*k + 3. Suppose 230 + 490 = 5*i. Calculate the remainder when i is divided by p(17).
33
Suppose -a = -4*p - 259, -4*p + 8*p = -a + 243. What is the remainder when a is divided by 28?
27
Suppose 3*d = 2*d - 7. Let n = 9 + d. Suppose -3*x = -n*u - 8 - 61, 2*u = -x + 31. Calculate the remainder when 72 is divided by x.
22
Suppose 78 + 34 = 3*j - 5*q, -102 = -3*j + 3*q. Suppose 5*d + 4*b + 6 = -3, 2*d - 2*b - 18 = 0. What is the remainder when j is divided by d?
2
Suppose -7*c - 1032 = -1116. What is the remainder when 4067 is divided by c?
11
Let h be (3 - 1) + -1 + 1. Suppose 0 = n - h, 3*t + 2*n = 224 - 19. Calculate the remainder when t is divided by 10.
7
Suppose 0 = -g - 1, 4*m - 26 = -2*g + 112. Let o(h) = 14*h**2 + 3*h + 2. Let q be o(-2). Suppose -4*b + 0*b = -q. What is the remainder when m is divided by b?
9
Let u = -78 + 113. What is the remainder when (-463)/(-7) + 2 + (-5)/35 is divided by u?
33
Let r(c) = 2*c**2 + 9*c + 11. Let d be r(-5). What is the remainder when 16/d - -3*8 is divided by (-2)/3 + 41/3?
12
What is the remainder when 366 is divided by 8/(-3)*-46*(-3)/(-8)?
44
Let z = 23 - -28. Suppose -z = -6*h + 81. What is the remainder when h is divided by 7/(-1 + 2) - -1?
6
What is the remainder when 23 is divided by (13 + -1)/((-5)/(-1) - 3)?
5
What is the remainder when (-99)/(-2) + (-163)/(-326) is divided by 17?
16
Let v = -13 + -24. Let r = 84 + v. Suppose -2*d + r + 5 = 0. What is the remainder when d is divided by 7?
5
Let d be (1/(-2) - 8/(-16))/(-2). Suppose d = 3*u + 8 - 110. Calculate the remainder when 133 is divided by u.
31
Let c be 106 + 0/(2 + 1). Suppose -6 = 6*f - 8*f. Suppose -l - f*a + 97 = 0, -53 - c = -2*l + a. What is the remainder when l is divided by 21?
19
What is the remainder when 266/12 - (-4)/(-24) is divided by 32/(-12)*(0 - 3)?
6
Suppose 6 = 4*a - 42. What is the remainder when 28*(105/a)/7 is divided by 12 + (2 - (1 - -1))?
11
Suppose 20 = 5*z + 3*w + 2*w, -3*w + 7 = 2*z. Suppose 4*r = -8, -5*k = 3*r - 18 - 21. What is the remainder when 13/(3*3/k) is divided by z?
3
Let l(b) = -b**3 - 7*b**2 + 8*b + 3. Let u be l(-8). Suppose -2*y = -u*y + 26. Calculate the remainder when 75 is divided by y.
23
Suppose 1474 = 16*o + 322. What is the remainder when o is divided by 9?
0
Suppose 0*a = -4*f + 3*a + 31, 0 = -5*f - a + 15. Suppose -2*v = 2*v - 96. What is the remainder when v is divided by (10 - -3) + (4 - f)?
11
Suppose -5*h = 2*m - 0*h - 176, -m = -4*h - 101. Suppose 0 = -3*l + m + 93. What is the remainder when l is divided by 9?
8
Suppose 285 = 11*u + 4*u. What is the remainder when 74 is divided by u?
17
Let t(r) = 3*r**2 - 22*r + 86. Calculate the remainder when 265 is divided by t(7).
28
Calculate the remainder when (-8 + 0 - -326)*(-1)/(-2) is divided by 18.
15
Suppose h - 56 = -3*m, h - 96 = -46*m + 41*m. Calculate the remainder when 579 is divided by m.
19
Suppose c + 29 = 2*c. Let p = 191 - 106. Calculate the remainder when p is divided by c.
27
Let z = -165 + 176. Calculate the remainder when 109 is divided by z.
10
Suppose 3*l = -3061 + 3118. What is the remainder when 112 is divided by l?
17
Suppose -5*q = -2*u + 81, 0 = -2*q + q + 1. Calculate the remainder when 338 is divided by u.
37
Suppose 3*u - 28 = 8. Let k(l) = -l + 18. Let v(t) = -t**2 - 16*t - 4. Let f be v(-15). Calculate the remainder when u is divided by k(f).
5
What is the remainder when 36 is divided by (828/63)/1 - (-1)/(-7)?
10
Suppose -5*y = 10 + 15. Calculate the remainder when 40 + -2 + y + (-2)/2 is divided by 12.
8
Let g be (-7 + 4)/(9/(-15)). Suppose 5*k = 2*w - 47, g*w - 2*k - 80 = 3*k. Let b = -48 - -78. Calculate the remainder when b is divided by w.
8
Suppose 3*x - 56 - 28 = 0. Suppose 2*z = h - 0*h + 4, -3*h - z - 26 = 0. Let k(c) = c**2 + 6*c - 1. Calculate the remainder when x is divided by k(h).
13
Suppose 5*h - 1 = 29. Let i(f) = 5*f - 11. Let q be i(3). Suppose -v = n + q*v - 15, 2*n - 5*v = 15. Calculate the remainder when n is divided by h.
4
Let f be (-1 - -62)/(1 + 0). Suppose -53 = -3*y + r, -y - r = 2*y - f.